809.
11, 136269619
What are the prime factors of 245542799?
53, 419, 11057
List the prime factors of 68548454.
2, 13, 17, 155087
List the prime factors of 143739365.
5, 7, 11, 373349
What are the prime factors of 1238440118?
2, 619220059
What are the prime factors of 97284098?
2, 17, 2861297
What are the prime factors of 208331214?
2, 3, 7, 13, 381559
List the prime factors of 331216928.
2, 7, 23, 53, 1213
What are the prime factors of 137646110?
2, 5, 7, 17, 103, 1123
What are the prime factors of 146008334?
2, 109, 669763
What are the prime factors of 299857905?
3, 5, 19, 350711
List the prime factors of 567541221.
3, 13, 1019, 14281
List the prime factors of 887541467.
47, 1949, 9689
List the prime factors of 6097968869.
1901, 3207769
List the prime factors of 1901445826.
2, 7, 135817559
List the prime factors of 91653064.
2, 773, 14821
What are the prime factors of 480944405?
5, 569, 169049
List the prime factors of 2826012841.
53, 97, 549701
List the prime factors of 68524766.
2, 34262383
What are the prime factors of 5006599064?
2, 149, 4200167
What are the prime factors of 692464136?
2, 7, 13, 71, 13397
What are the prime factors of 211257980?
2, 5, 17, 621347
List the prime factors of 211789103.
211789103
What are the prime factors of 110575971?
3, 11, 59, 1721
List the prime factors of 364942296.
2, 3, 419, 12097
List the prime factors of 1959082106.
2, 47, 631, 33029
What are the prime factors of 2341995222?
2, 3, 7, 1063, 52457
List the prime factors of 3652522517.
7, 31, 16831901
What are the prime factors of 4152025?
5, 166081
List the prime factors of 192753210.
2, 3, 5, 13, 509, 971
List the prime factors of 1181514538.
2, 1571, 376039
What are the prime factors of 120343748?
2, 7, 17, 252823
What are the prime factors of 72895312?
2, 7, 650851
What are the prime factors of 91311495?
3, 5, 11, 23, 24061
List the prime factors of 232223045.
5, 131, 354539
What are the prime factors of 825347363?
825347363
List the prime factors of 495337895.
5, 13, 1871, 4073
List the prime factors of 3319464771.
3, 7, 653, 11527
List the prime factors of 231107442.
2, 3, 1493, 25799
List the prime factors of 1633308592.
2, 17, 6004811
List the prime factors of 839953518.
2, 3, 797, 175649
What are the prime factors of 4454617543?
67, 1423, 46723
List the prime factors of 58807985.
5, 37, 127, 2503
What are the prime factors of 32871520?
2, 5, 11, 19, 983
What are the prime factors of 17121107?
29, 590383
List the prime factors of 1119935754.
2, 3, 7, 2962793
What are the prime factors of 772028822?
2, 3797, 101663
List the prime factors of 2459229796.
2, 614807449
What are the prime factors of 509056279?
17, 211, 141917
List the prime factors of 1336614.
2, 3, 367, 607
What are the prime factors of 1042049172?
2, 3, 199, 479, 911
List the prime factors of 116465982.
2, 3, 227, 233, 367
List the prime factors of 771831454.
2, 385915727
What are the prime factors of 256585916?
2, 359, 178681
What are the prime factors of 2510030?
2, 5, 251003
List the prime factors of 482849624.
2, 60356203
What are the prime factors of 299797118?
2, 43, 3486013
List the prime factors of 678166668.
2, 3, 337, 6211
What are the prime factors of 93694136?
2, 1123, 10429
What are the prime factors of 145384593?
3, 48461531
What are the prime factors of 96918855?
3, 5, 11, 587387
What are the prime factors of 110760090?
2, 3, 5, 7, 75347
What are the prime factors of 173317815?
3, 5, 11, 350137
What are the prime factors of 3540461634?
2, 3, 19, 10352227
What are the prime factors of 1460936360?
2, 5, 13, 2809493
List the prime factors of 320291087.
1201, 266687
List the prime factors of 56400653.
2357, 23929
What are the prime factors of 1176660883?
4679, 251477
What are the prime factors of 4557278?
2, 11, 59, 3511
What are the prime factors of 30767786?
2, 7, 44851
List the prime factors of 846744448.
2, 11, 23, 2377
List the prime factors of 1398907097.
7, 199843871
What are the prime factors of 4524849872?
2, 41, 6897637
What are the prime factors of 55106103?
3, 13, 277, 5101
What are the prime factors of 963863276?
2, 107, 2252017
What are the prime factors of 26968961?
19, 461, 3079
List the prime factors of 19081227.
3, 11, 61, 9479
What are the prime factors of 6740552000?
2, 5, 7, 13, 47, 197
List the prime factors of 233381805.
3, 5, 23, 676469
What are the prime factors of 31189006?
2, 257, 60679
List the prime factors of 2179735169.
2179735169
List the prime factors of 109950063.
3, 1847, 19843
List the prime factors of 159290075.
5, 7, 910229
List the prime factors of 1589739927.
3, 12011, 44119
List the prime factors of 62844621.
3, 7, 1033, 2897
What are the prime factors of 3911858?
2, 853, 2293
What are the prime factors of 898150?
2, 5, 11, 23, 71
What are the prime factors of 240461804?
2, 11, 17, 563, 571
What are the prime factors of 437330619?
3, 11, 19, 232499
List the prime factors of 75288176.
2, 29, 211, 769
List the prime factors of 6726369183.
3, 113, 19841797
List the prime factors of 639871275.
3, 5, 8531617
What are the prime factors of 841949958?
2, 3, 140324993
What are the prime factors of 108819266?
2, 54409633
List the prime factors of 21501743.
149, 144307
List the prime factors of 22419613.
4339, 5167
List the prime factors of 71640577.
53, 109, 12401
List the prime factors of 1811215197.
3, 11, 18295103
List the prime factors of 2386944211.
17, 67, 101, 20749
What are the prime factors of 49655586?
2, 3, 61, 135671
List the prime factors of 12943024.
2, 53, 15263
What are the prime factors of 1115883046?
2, 1321, 422363
What are the prime factors of 84781497?
3, 31, 131, 6959
What are the prime factors of 194400042?
2, 3, 32400007
List the prime factors of 2294411701.
41, 139, 367, 1097
What are the prime factors of 1177430911?
97, 1283, 9461
List the prime factors of 432253580.
2, 5, 11, 1964789
List the prime factors of 48489573.
3, 11, 37, 151, 263
List the prime factors of 344668766.
2, 13, 47, 282053
What are the prime factors of 1336334?
2, 167, 4001
List the prime factors of 38513001.
3, 12837667
List the prime factors of 390589664.
2, 241, 50647
What are the prime factors of 506521576?
2, 11, 1787, 3221
List the prime factors of 73875872.
2, 7, 329803
What are the prime factors of 94466156?
2, 127, 185957
List the prime factors of 349435728.
2, 3, 499, 1621
List the prime factors of 7101580263.
3, 107, 22123303
List the prime factors of 19797771.
3, 7, 401, 2351
List the prime factors of 4546282594.
2, 7, 324734471
What are the prime factors of 162803265?
3, 5, 137, 227, 349
What are the prime factors of 487890260?
2, 5, 11, 13, 23, 7417
What are the prime factors of 563138774?
2, 11, 137, 186841
List the prime factors of 99080913.
3, 17, 1942763
List the prime factors of 4244900057.
24733, 171629
List the prime factors of 125135643.
3, 41711881
List the prime factors of 19389114.
2, 3, 239, 4507
What are the prime factors of 3441989?
3441989
List the prime factors of 498700751.
31, 1129, 14249
What are the prime factors of 2058842301?
3, 8779, 78173
What are the prime factors of 237377537?
237377537
What are the prime factors of 56778134?
2, 7, 4055581
What are the prime factors of 51008762?
2, 7, 3643483
List the prime factors of 921515007.
3, 7, 37, 229, 5179
What are the prime factors of 6281046862?
2, 23, 136544497
What are the prime factors of 250683619?
1579, 158761
What are the prime factors of 81627477?
3, 19, 137, 10453
What are the prime factors of 1320055435?
5, 191, 251, 5507
List the prime factors of 1151514353.
11, 103, 1016341
List the prime factors of 2645613361.
2707, 977323
List the prime factors of 831335955.
3, 5, 17, 191773
List the prime factors of 839935258.
2, 419967629
What are the prime factors of 946829408?
2, 7, 23, 37, 4967
What are the prime factors of 14862328?
2, 13, 142907
List the prime factors of 134433109.
163, 521, 1583
List the prime factors of 26789563.
19, 1409977
What are the prime factors of 731608428?
2, 3, 41, 1487009
List the prime factors of 35047547.
37, 839, 1129
List the prime factors of 119972388.
2, 3, 47, 281, 757
What are the prime factors of 421388854?
2, 61, 229, 15083
What are the prime factors of 1579442662?
2, 7, 409, 275837
List the prime factors of 755688